{"id":454,"date":"2023-04-04T19:14:12","date_gmt":"2023-04-04T19:14:12","guid":{"rendered":"https:\/\/colectivoeducacioninicial.com\/?page_id=454"},"modified":"2026-04-10T15:26:14","modified_gmt":"2026-04-10T15:26:14","slug":"actas-e-instrumentos-legales","status":"publish","type":"page","link":"https:\/\/colectivoeducacioninicial.com\/index.php\/actas-e-instrumentos-legales\/","title":{"rendered":"Actas e Instrumentos legales"},"content":{"rendered":"\n<div class=\"wp-block-cover alignfull has-small-font-size wp-duotone-unset-1\" style=\"min-height:168px;aspect-ratio:unset;\"><img fetchpriority=\"high\" decoding=\"async\" width=\"1024\" height=\"312\" class=\"wp-block-cover__image-background wp-image-40\" alt=\"\" src=\"https:\/\/colectivoeducacioninicial.com\/wordpress\/wp-content\/uploads\/2022\/07\/cropped-entramadotelas-1024x312.jpg\" data-object-fit=\"cover\" srcset=\"https:\/\/colectivoeducacioninicial.com\/wp-content\/uploads\/2022\/07\/cropped-entramadotelas-1024x312.jpg 1024w, https:\/\/colectivoeducacioninicial.com\/wp-content\/uploads\/2022\/07\/cropped-entramadotelas-300x91.jpg 300w, https:\/\/colectivoeducacioninicial.com\/wp-content\/uploads\/2022\/07\/cropped-entramadotelas-768x234.jpg 768w, https:\/\/colectivoeducacioninicial.com\/wp-content\/uploads\/2022\/07\/cropped-entramadotelas.jpg 1180w\" sizes=\"(max-width: 1024px) 100vw, 1024px\" \/><span aria-hidden=\"true\" class=\"wp-block-cover__background has-background-dim-60 has-background-dim\"><\/span><div class=\"wp-block-cover__inner-container is-layout-flow wp-block-cover-is-layout-flow\">\n<p class=\"has-text-align-center has-large-font-size\"><strong>MEMOS, ACTAS Y DOCUMENTACI\u00d3N QUE CIRCULA DESDE EL MINISTERIO Y EL GREMIO<\/strong>.<br>Para consultar y reflexionar cr\u00edticamente.<\/p>\n<\/div><\/div>\n\n\n\n<h2 class=\"wp-block-heading\">Resoluci\u00f3n de Suplencias pagas a partir de los 3 d\u00edas a 7 d\u00edas<\/h2>\n\n\n\n<div data-wp-interactive=\"core\/file\" class=\"wp-block-file\"><object data-wp-bind--hidden=\"!state.hasPdfPreview\" hidden class=\"wp-block-file__embed\" data=\"https:\/\/colectivoeducacioninicial.com\/wp-content\/uploads\/2026\/04\/RES.-MINISTERIAL-NRO.-286-2025-1.pdf\" type=\"application\/pdf\" style=\"width:100%;height:430px\" aria-label=\"Incrustado de Resoluci\u00f3n Ministerial 286 - A\u00f1o 2025.\"><\/object><a id=\"wp-block-file--media-e530daf6-77be-4fa6-a0d7-c82095f4ee2e\" href=\"https:\/\/colectivoeducacioninicial.com\/wp-content\/uploads\/2026\/04\/RES.-MINISTERIAL-NRO.-286-2025-1.pdf\">Resoluci\u00f3n Ministerial 286 &#8211; A\u00f1o 2025<\/a><a href=\"https:\/\/colectivoeducacioninicial.com\/wp-content\/uploads\/2026\/04\/RES.-MINISTERIAL-NRO.-286-2025-1.pdf\" class=\"wp-block-file__button wp-element-button\" download aria-describedby=\"wp-block-file--media-e530daf6-77be-4fa6-a0d7-c82095f4ee2e\">Descarga<\/a><\/div>\n\n\n\n<h2 class=\"wp-block-heading\">Plan de Desarrollo Educativo Provincial        2024 &#8211; 2027 (TransFORMAR@Cba)<\/h2>\n\n\n\n<div data-wp-interactive=\"core\/file\" class=\"wp-block-file\"><object data-wp-bind--hidden=\"!state.hasPdfPreview\" hidden class=\"wp-block-file__embed\" data=\"https:\/\/colectivoeducacioninicial.com\/wp-content\/uploads\/2026\/03\/Resolucion-84-Ampliacion-Nivel-Inicial-2026.pdf\" type=\"application\/pdf\" style=\"width:100%;height:460px\" aria-label=\"Incrustado de TransFORMAR@Cba - Resolucio\u0301n 84 Ampliacio\u0301n - Nivel Inicial 2026.\"><\/object><a id=\"wp-block-file--media-2021edf7-7a87-4814-90f2-2b8d94e77e8e\" href=\"https:\/\/colectivoeducacioninicial.com\/wp-content\/uploads\/2026\/03\/Resolucion-84-Ampliacion-Nivel-Inicial-2026.pdf\">TransFORMAR@Cba &#8211; Resolucio\u0301n 84 Ampliacio\u0301n &#8211; Nivel Inicial 2026<\/a><a href=\"https:\/\/colectivoeducacioninicial.com\/wp-content\/uploads\/2026\/03\/Resolucion-84-Ampliacion-Nivel-Inicial-2026.pdf\" class=\"wp-block-file__button wp-element-button\" download aria-describedby=\"wp-block-file--media-2021edf7-7a87-4814-90f2-2b8d94e77e8e\">Descarga<\/a><\/div>\n\n\n\n<div data-wp-interactive=\"core\/file\" class=\"wp-block-file\"><object data-wp-bind--hidden=\"!state.hasPdfPreview\" hidden class=\"wp-block-file__embed\" data=\"https:\/\/colectivoeducacioninicial.com\/wp-content\/uploads\/2026\/03\/Resolucion-84-Nivel-Inicial-2026.pdf\" type=\"application\/pdf\" style=\"width:100%;height:440px\" aria-label=\"Incrustado de TransFORMAR@Cba - Resoluci\u00f3n 84 - Nivel Inicial - 2026.\"><\/object><a id=\"wp-block-file--media-456088cb-617d-4c83-93aa-64c60dde2e1d\" href=\"https:\/\/colectivoeducacioninicial.com\/wp-content\/uploads\/2026\/03\/Resolucion-84-Nivel-Inicial-2026.pdf\">TransFORMAR@Cba &#8211; Resoluci\u00f3n 84 &#8211; Nivel Inicial &#8211; 2026<\/a><a href=\"https:\/\/colectivoeducacioninicial.com\/wp-content\/uploads\/2026\/03\/Resolucion-84-Nivel-Inicial-2026.pdf\" class=\"wp-block-file__button wp-element-button\" download aria-describedby=\"wp-block-file--media-456088cb-617d-4c83-93aa-64c60dde2e1d\">Descarga<\/a><\/div>\n\n\n\n<div class=\"wp-block-file\"><a id=\"wp-block-file--media-e5117893-1b2d-432b-91ed-40fb80da9999\" href=\"https:\/\/colectivoeducacioninicial.com\/wp-content\/uploads\/2026\/03\/Resolucion-85-1-1.jpg\">TransFORMAR@Cba &#8211; Resoluci\u00f3n 85 &#8211; 2026<\/a><a href=\"https:\/\/colectivoeducacioninicial.com\/wp-content\/uploads\/2026\/03\/Resolucion-85-1-1.jpg\" class=\"wp-block-file__button wp-element-button\" download aria-describedby=\"wp-block-file--media-e5117893-1b2d-432b-91ed-40fb80da9999\">Descarga<\/a><\/div>\n\n\n\n<p>Les compartimos el enlace de la p\u00e1gina web del Ministerio de Educaci\u00f3n de C\u00f3rdoba, en donde van a poder encontrar la resoluci\u00f3n 84, y otros documentos y resoluciones del programa TransFORMAR@Cba.<\/p>\n\n\n\n<p class=\"has-primary-color has-text-color has-link-color wp-elements-3b1972c30a19a279fa73fd41f1d4a7df\"><a href=\"https:\/\/www.cba.gov.ar\/organismo\/ministerio-de-educacion\"><strong>https:\/\/www.cba.gov.ar\/organismo\/ministerio-de-educacion<\/strong><\/a><\/p>\n\n\n\n<h2 class=\"wp-block-heading has-text-align-center has-secondary-color has-text-color\">ACTA de carga horaria de 3 horas y media.<\/h2>\n\n\n\n<div data-wp-interactive=\"core\/file\" class=\"wp-block-file\"><object data-wp-bind--hidden=\"!state.hasPdfPreview\" hidden class=\"wp-block-file__embed\" data=\"https:\/\/colectivoeducacioninicial.com\/wp-content\/uploads\/2023\/04\/Acta-3-horas-y-media-03_22.pdf\" type=\"application\/pdf\" style=\"width:100%;height:310px\" aria-label=\"Incrustado de ACTA 3 HORAS Y MEDIA - 2022.\"><\/object><a id=\"wp-block-file--media-35d6d724-151d-4b76-8487-0c06f82f66ad\" href=\"https:\/\/colectivoeducacioninicial.com\/wp-content\/uploads\/2023\/04\/Acta-3-horas-y-media-03_22.pdf\">ACTA 3 HORAS Y MEDIA &#8211; 2022<\/a><a href=\"https:\/\/colectivoeducacioninicial.com\/wp-content\/uploads\/2023\/04\/Acta-3-horas-y-media-03_22.pdf\" class=\"wp-block-file__button wp-element-button\" download aria-describedby=\"wp-block-file--media-35d6d724-151d-4b76-8487-0c06f82f66ad\">Descarga<\/a><\/div>\n\n\n\n<div data-wp-interactive=\"core\/file\" class=\"wp-block-file\"><object data-wp-bind--hidden=\"!state.hasPdfPreview\" hidden class=\"wp-block-file__embed\" data=\"https:\/\/colectivoeducacioninicial.com\/wp-content\/uploads\/2023\/04\/MEMO7SE-22-07-21.pdf\" type=\"application\/pdf\" style=\"width:100%;height:280px\" aria-label=\"Incrustado de MEMORANDUM N\u00ba07\/2021.\"><\/object><a id=\"wp-block-file--media-80b025ab-4e6b-4951-b48f-b70c603730ae\" href=\"https:\/\/colectivoeducacioninicial.com\/wp-content\/uploads\/2023\/04\/MEMO7SE-22-07-21.pdf\">MEMORANDUM N\u00ba07\/2021<\/a><a href=\"https:\/\/colectivoeducacioninicial.com\/wp-content\/uploads\/2023\/04\/MEMO7SE-22-07-21.pdf\" class=\"wp-block-file__button wp-element-button\" download aria-describedby=\"wp-block-file--media-80b025ab-4e6b-4951-b48f-b70c603730ae\">Descarga<\/a><\/div>\n\n\n\n<p data-wp-context---core-fit-text=\"core\/fit-text::{&quot;fontSize&quot;:&quot;&quot;}\" data-wp-init---core-fit-text=\"core\/fit-text::callbacks.init\" data-wp-interactive data-wp-style--font-size=\"core\/fit-text::context.fontSize\" class=\"has-fit-text\">Algunas reflexiones sobre esta ACTA<\/p>\n\n\n\n<p><strong>\u00bfAlguien puede pensar en los\/as ni\u00f1os\/as?<\/strong><br>Las compa\u00f1eras del Colectivo de Nivel Inicial nos detallaron un d\u00eda de su jornada laboral:<br>\u201cUna maestra llega a su jard\u00edn donde la esperan 20 ni\u00f1xs de 3 a\u00f1os     -hasta mitad de a\u00f1o, muchxs de esxs ni\u00f1xs a\u00fan tienen 2 a\u00f1os-.      Entra a las 9 y sale a las 13 junto con lxs peque\u00f1xs estudiantes.<br>El horario laboral legal de una docente de Nivel Inicial en C\u00f3rdoba es de cuatro horas reloj, diarias, sumando un total de 20 semanales. Cada docente est\u00e1 sola en la sala, no hay compa\u00f1era pedag\u00f3gica o docente auxiliar que acompa\u00f1e el trabajo pedag\u00f3gico y de cuidado que requiere cada estudiante. No tiene quien la cubra unos minutos para ir al ba\u00f1o, no hay docentes de m\u00fasica, educaci\u00f3n f\u00edsica o teatro. La directora de ese jard\u00edn est\u00e1 sola gestionando una instituci\u00f3n con ocho o m\u00e1s salas, y resolviendo problemas surgidos muchas veces del control administrativo burocr\u00e1tico \u2018bobo\u2019 que limita las autonom\u00edas institucionales y profesionales. El personal de limpieza tercerizado est\u00e1 menos horas de las que se necesita y a veces los espacios reducidos de las salas y patios no permiten desarrollar las actividades\u201d.<br>\u201cCuando finaliza la jornada escolar, que coincide exactamente con la salida de lxs 20 estudiantes, la maestra sola se toma el tiempo de entregar a cada ni\u00f1x en manos de alguien de la familia o adultx responsable que le busca. Muchas veces consulta, pregunta, relata o comparte una situaci\u00f3n particular o manifiesta una necesidad. La maestra escucha, responde, conversa, atiende, sostiene, saluda y despide a cada ni\u00f1x y a cada familiar. Entonces esas cuatro horas de trabajo diario se convierten en cuatro horas y media, y a veces m\u00e1s. Nadie le paga un centavo por las horas extras que implica esta nueva modalidad de extensi\u00f3n de jornada sin condiciones y su salario est\u00e1 bajo la l\u00ednea de pobreza\u201d.<\/p>\n\n\n\n<p><strong>Disfrazar la desinversi\u00f3n<\/strong><br>Para quienes est\u00e1n en los jardines, el gobierno de C\u00f3rdoba construye el discurso de la ampliaci\u00f3n de la jornada escolar en el nivel inicial para extender las posibilidades de lxs estudiantes, pero en realidad encubre y disfraza la desinversi\u00f3n sistem\u00e1tica de los jardines de la provincia.<br>Para las trabajadoras que ponen el cuerpo y el coraz\u00f3n cada d\u00eda, ampliar el derecho social a la educaci\u00f3n desde la cuna significa, entre otras cosas, \u201ctener edificios bonitos llenos de libros, materiales l\u00fadicos, elementos diversos y de buena calidad para el aprendizaje integral. Tener variedad de propuestas de ense\u00f1anza con docentes especializados en las \u00e1reas art\u00edsticas y de la educaci\u00f3n f\u00edsica, que trabajen articuladamente en proyectos integrales. Tener espacios cuidados para aprender y otros para comer en el PAICOR, con personal necesario para que cumpla la funci\u00f3n de sostener la alimentaci\u00f3n. Tener equipos directivos y docentes con maestras auxiliares que permitan construir propuestas diversas, sostener la multitarea y la simultaneidad, trabajar en la globalizaci\u00f3n de contenidos y construir propuestas de juego potentes propias de una did\u00e1ctica espec\u00edfica de la educaci\u00f3n inicial. Cuidar a los que cuidan y educan con salarios dignos y condiciones de trabajo saludables, e incluir a la educaci\u00f3n maternal en la unidad pedag\u00f3gica que es el nivel inicial\u201d.<br>Las docentes trabajan con un enorme esfuerzo y con la mirada esquiva y desatenta desde el gobierno provincial, que desatiende a las trabajadoras y las infancias.<\/p>\n\n\n\n<blockquote class=\"wp-block-quote is-layout-flow wp-block-quote-is-layout-flow\">\n<p><em>Texto extra\u00eddo del documento<\/em> \u00ab<em>El gobierno de C\u00f3rdoba desinvierte en educaci\u00f3n inicial: cap\u00edtulo mi<\/em>l\u00bb, <em>por La Tinta.<\/em><\/p>\n<\/blockquote>\n","protected":false},"excerpt":{"rendered":"<p>Resoluci\u00f3n de Suplencias pagas a partir de los 3 d\u00edas a 7 d\u00edas Plan de Desarrollo Educativo Provincial 2024 &#8211; 2027 (TransFORMAR@Cba) Les compartimos el enlace de la p\u00e1gina web [&hellip;]<\/p>\n","protected":false},"author":2,"featured_media":0,"parent":0,"menu_order":0,"comment_status":"closed","ping_status":"closed","template":"","meta":{"_EventAllDay":false,"_EventTimezone":"","_EventStartDate":"","_EventEndDate":"","_EventStartDateUTC":"","_EventEndDateUTC":"","_EventShowMap":false,"_EventShowMapLink":false,"_EventURL":"","_EventCost":"","_EventCostDescription":"","_EventCurrencySymbol":"","_EventCurrencyCode":"","_EventCurrencyPosition":"","_EventDateTimeSeparator":"","_EventTimeRangeSeparator":"","_EventOrganizerID":[],"_EventVenueID":[],"_OrganizerEmail":"","_OrganizerPhone":"","_OrganizerWebsite":"","_VenueAddress":"","_VenueCity":"","_VenueCountry":"","_VenueProvince":"","_VenueState":"","_VenueZip":"","_VenuePhone":"","_VenueURL":"","_VenueStateProvince":"","_VenueLat":"","_VenueLng":"","_VenueShowMap":false,"_VenueShowMapLink":false,"footnotes":""},"class_list":["post-454","page","type-page","status-publish","hentry"],"_links":{"self":[{"href":"https:\/\/colectivoeducacioninicial.com\/index.php\/wp-json\/wp\/v2\/pages\/454","targetHints":{"allow":["GET"]}}],"collection":[{"href":"https:\/\/colectivoeducacioninicial.com\/index.php\/wp-json\/wp\/v2\/pages"}],"about":[{"href":"https:\/\/colectivoeducacioninicial.com\/index.php\/wp-json\/wp\/v2\/types\/page"}],"author":[{"embeddable":true,"href":"https:\/\/colectivoeducacioninicial.com\/index.php\/wp-json\/wp\/v2\/users\/2"}],"replies":[{"embeddable":true,"href":"https:\/\/colectivoeducacioninicial.com\/index.php\/wp-json\/wp\/v2\/comments?post=454"}],"version-history":[{"count":11,"href":"https:\/\/colectivoeducacioninicial.com\/index.php\/wp-json\/wp\/v2\/pages\/454\/revisions"}],"predecessor-version":[{"id":574,"href":"https:\/\/colectivoeducacioninicial.com\/index.php\/wp-json\/wp\/v2\/pages\/454\/revisions\/574"}],"wp:attachment":[{"href":"https:\/\/colectivoeducacioninicial.com\/index.php\/wp-json\/wp\/v2\/media?parent=454"}],"curies":[{"name":"wp","href":"https:\/\/api.w.org\/{rel}","templated":true}]}}