{"id":28,"date":"2022-07-01T15:47:23","date_gmt":"2022-07-01T15:47:23","guid":{"rendered":"https:\/\/colectivoeducacioninicial.com\/wordpress\/?page_id=28"},"modified":"2022-11-09T20:26:28","modified_gmt":"2022-11-09T20:26:28","slug":"acerca-de","status":"publish","type":"page","link":"https:\/\/colectivoeducacioninicial.com\/index.php\/acerca-de\/","title":{"rendered":"Qui\u00e9nes somos"},"content":{"rendered":"\n<p class=\"has-text-align-left has-primary-color has-text-color\">Somos el <mark style=\"background-color:rgba(0, 0, 0, 0)\" class=\"has-inline-color has-accent-color\">Colectivo de educaci\u00f3n inicial de C\u00f3rdoba (CEIC)<\/mark>, una organizaci\u00f3n pedag\u00f3gica pol\u00edtica que nos dimos un grupo de educadoras de C\u00f3rdoba hace veintis\u00e9is a\u00f1os, al calor de las luchas para resistir las pol\u00edticas neoliberales de los 90 que afectaron fuertemente a la educaci\u00f3n inicial con el cierre de las salas de cuatro a\u00f1os, la supresi\u00f3n de la inspecci\u00f3n regional del nivel inicial junto a los cargos de inspecciones zonales, y el intento de fusionar el nivel al marco institucional y organizativo de la escuela primaria.<\/p>\n\n\n\n<p>Desde entonces, el <mark style=\"background-color:rgba(0, 0, 0, 0)\" class=\"has-inline-color has-accent-color\">CEIC<\/mark> est\u00e1 construy\u00e9ndose a trav\u00e9s de una participaci\u00f3n abierta y plural en cada indagaci\u00f3n, debate y an\u00e1lisis cr\u00edtico de las pol\u00edticas educativas para la primera infancia. En torno a ello elaboramos documentos con demandas y propuestas, que socializamos en di\u00e1logo con el conjunto de lxs compa\u00f1erxs del nivel inicial, con instituciones de la comunidad, organizaciones y referentes que acompa\u00f1an y tienden su mano a esta militancia pol\u00edtico-pedag\u00f3gica para que se efectivice el derecho social a la educaci\u00f3n desde la cuna.<\/p>\n\n\n\n<p class=\"has-text-align-left has-accent-color has-text-color has-background has-normal-font-size\" style=\"background-color:#f5efdf00\"> <\/p>\n\n\n\n<figure class=\"wp-block-embed is-type-video is-provider-youtube wp-block-embed-youtube wp-embed-aspect-16-9 wp-has-aspect-ratio\"><div class=\"wp-block-embed__wrapper\">\n<iframe title=\"Colectivo de Educaci\u00f3n Inical C\u00f3rdoba - Presentaci\u00f3n 2019\" width=\"580\" height=\"326\" src=\"https:\/\/www.youtube.com\/embed\/A4UPCTRSwLc?feature=oembed\" frameborder=\"0\" allow=\"accelerometer; autoplay; clipboard-write; encrypted-media; gyroscope; picture-in-picture; web-share\" referrerpolicy=\"strict-origin-when-cross-origin\" allowfullscreen><\/iframe>\n<\/div><\/figure>\n","protected":false},"excerpt":{"rendered":"<p>Somos el Colectivo de educaci\u00f3n inicial de C\u00f3rdoba (CEIC), una organizaci\u00f3n pedag\u00f3gica pol\u00edtica que nos dimos un grupo de educadoras de C\u00f3rdoba hace veintis\u00e9is a\u00f1os, al calor de las luchas [&hellip;]<\/p>\n","protected":false},"author":2,"featured_media":0,"parent":0,"menu_order":0,"comment_status":"closed","ping_status":"closed","template":"","meta":{"_EventAllDay":false,"_EventTimezone":"","_EventStartDate":"","_EventEndDate":"","_EventStartDateUTC":"","_EventEndDateUTC":"","_EventShowMap":false,"_EventShowMapLink":false,"_EventURL":"","_EventCost":"","_EventCostDescription":"","_EventCurrencySymbol":"","_EventCurrencyCode":"","_EventCurrencyPosition":"","_EventDateTimeSeparator":"","_EventTimeRangeSeparator":"","_EventOrganizerID":[],"_EventVenueID":[],"_OrganizerEmail":"","_OrganizerPhone":"","_OrganizerWebsite":"","_VenueAddress":"","_VenueCity":"","_VenueCountry":"","_VenueProvince":"","_VenueState":"","_VenueZip":"","_VenuePhone":"","_VenueURL":"","_VenueStateProvince":"","_VenueLat":"","_VenueLng":"","_VenueShowMap":false,"_VenueShowMapLink":false,"footnotes":""},"class_list":["post-28","page","type-page","status-publish","hentry"],"_links":{"self":[{"href":"https:\/\/colectivoeducacioninicial.com\/index.php\/wp-json\/wp\/v2\/pages\/28","targetHints":{"allow":["GET"]}}],"collection":[{"href":"https:\/\/colectivoeducacioninicial.com\/index.php\/wp-json\/wp\/v2\/pages"}],"about":[{"href":"https:\/\/colectivoeducacioninicial.com\/index.php\/wp-json\/wp\/v2\/types\/page"}],"author":[{"embeddable":true,"href":"https:\/\/colectivoeducacioninicial.com\/index.php\/wp-json\/wp\/v2\/users\/2"}],"replies":[{"embeddable":true,"href":"https:\/\/colectivoeducacioninicial.com\/index.php\/wp-json\/wp\/v2\/comments?post=28"}],"version-history":[{"count":6,"href":"https:\/\/colectivoeducacioninicial.com\/index.php\/wp-json\/wp\/v2\/pages\/28\/revisions"}],"predecessor-version":[{"id":181,"href":"https:\/\/colectivoeducacioninicial.com\/index.php\/wp-json\/wp\/v2\/pages\/28\/revisions\/181"}],"wp:attachment":[{"href":"https:\/\/colectivoeducacioninicial.com\/index.php\/wp-json\/wp\/v2\/media?parent=28"}],"curies":[{"name":"wp","href":"https:\/\/api.w.org\/{rel}","templated":true}]}}