{"id":115,"date":"2022-11-09T20:26:28","date_gmt":"2022-11-09T20:26:28","guid":{"rendered":"https:\/\/colectivoeducacioninicial.com\/wordpress\/?page_id=115"},"modified":"2026-03-30T23:45:19","modified_gmt":"2026-03-30T23:45:19","slug":"documentos-del-colectivo","status":"publish","type":"page","link":"https:\/\/colectivoeducacioninicial.com\/index.php\/documentos-del-colectivo\/","title":{"rendered":"DOCUMENTOS DEL COLECTIVO"},"content":{"rendered":"\n<div class=\"wp-block-cover alignfull wp-duotone-unset-1\" style=\"min-height:167px;aspect-ratio:unset;\"><img fetchpriority=\"high\" decoding=\"async\" width=\"1180\" height=\"359\" class=\"wp-block-cover__image-background wp-image-40\" alt=\"\" src=\"https:\/\/colectivoeducacioninicial.com\/wordpress\/wp-content\/uploads\/2022\/07\/cropped-entramadotelas.jpg\" data-object-fit=\"cover\" srcset=\"https:\/\/colectivoeducacioninicial.com\/wp-content\/uploads\/2022\/07\/cropped-entramadotelas.jpg 1180w, https:\/\/colectivoeducacioninicial.com\/wp-content\/uploads\/2022\/07\/cropped-entramadotelas-300x91.jpg 300w, https:\/\/colectivoeducacioninicial.com\/wp-content\/uploads\/2022\/07\/cropped-entramadotelas-1024x312.jpg 1024w, https:\/\/colectivoeducacioninicial.com\/wp-content\/uploads\/2022\/07\/cropped-entramadotelas-768x234.jpg 768w\" sizes=\"(max-width: 1180px) 100vw, 1180px\" \/><span aria-hidden=\"true\" class=\"wp-block-cover__background has-background-dim-60 has-background-dim\"><\/span><div class=\"wp-block-cover__inner-container is-layout-flow wp-block-cover-is-layout-flow\">\n<p class=\"has-text-align-center has-white-color has-text-color has-large-font-size\"><strong>DOCUMENTOS ORGANIZADOS POR TEMAS REFERIDOS A  LAS LUCHAS HIST\u00d3RICAS DEL COLECTIVO<\/strong><\/p>\n<\/div><\/div>\n\n\n\n<h2 class=\"wp-block-heading\">POSICIONAMIENTO DEL CEIC FRENTE A LOS NUEVOS PROGRAMAS DEL MINISTERIO DE EDUCACI\u00d3N 2026<\/h2>\n\n\n\n<div data-wp-interactive=\"core\/file\" class=\"wp-block-file aligncenter\"><object data-wp-bind--hidden=\"!state.hasPdfPreview\" hidden class=\"wp-block-file__embed\" data=\"https:\/\/colectivoeducacioninicial.com\/wp-content\/uploads\/2026\/03\/CEIC-MARZO-2026-POSICIONAMIENTO.pdf\" type=\"application\/pdf\" style=\"width:100%;height:300px\" aria-label=\"Incrustado de CEIC MARZO 2026 POSICIONAMIENTO.\"><\/object><a id=\"wp-block-file--media-ddeabd41-5a94-4ba6-9652-9ea8bd25aff7\" href=\"https:\/\/colectivoeducacioninicial.com\/wp-content\/uploads\/2026\/03\/CEIC-MARZO-2026-POSICIONAMIENTO.pdf\">CEIC MARZO 2026 POSICIONAMIENTO<\/a><a href=\"https:\/\/colectivoeducacioninicial.com\/wp-content\/uploads\/2026\/03\/CEIC-MARZO-2026-POSICIONAMIENTO.pdf\" class=\"wp-block-file__button wp-element-button\" download aria-describedby=\"wp-block-file--media-ddeabd41-5a94-4ba6-9652-9ea8bd25aff7\">Descarga<\/a><\/div>\n\n\n\n<h2 class=\"wp-block-heading\">LA REBELI\u00d3N DE LOS PINTORCITOS<\/h2>\n\n\n\n<div data-wp-interactive=\"core\/file\" class=\"wp-block-file\"><object data-wp-bind--hidden=\"!state.hasPdfPreview\" hidden class=\"wp-block-file__embed\" data=\"https:\/\/colectivoeducacioninicial.com\/wp-content\/uploads\/2022\/11\/UNA-MIRADA-A-LA-EI-La-rebelion-de-los-pintorcitos-.pdf\" type=\"application\/pdf\" style=\"width:100%;height:200px\" aria-label=\"Incrustado de UNA MIRADA A LA EI - La rebeli\u00f3n de los pintorcitos.\"><\/object><a id=\"wp-block-file--media-3ab571b5-e3fa-4327-881b-7f0fc549ff47\" href=\"https:\/\/colectivoeducacioninicial.com\/wp-content\/uploads\/2022\/11\/UNA-MIRADA-A-LA-EI-La-rebelion-de-los-pintorcitos-.pdf\">UNA MIRADA A LA EI &#8211; La rebeli\u00f3n de los pintorcitos<\/a><a href=\"https:\/\/colectivoeducacioninicial.com\/wp-content\/uploads\/2022\/11\/UNA-MIRADA-A-LA-EI-La-rebelion-de-los-pintorcitos-.pdf\" class=\"wp-block-file__button wp-element-button\" download aria-describedby=\"wp-block-file--media-3ab571b5-e3fa-4327-881b-7f0fc549ff47\">Descarga<\/a><\/div>\n\n\n\n<h2 class=\"wp-block-heading\">LEY DE OBLIGATORIEDAD DE SALAS DE 3 A\u00d1OS<\/h2>\n\n\n\n<div data-wp-interactive=\"core\/file\" class=\"wp-block-file\"><object data-wp-bind--hidden=\"!state.hasPdfPreview\" hidden class=\"wp-block-file__embed\" data=\"https:\/\/colectivoeducacioninicial.com\/wp-content\/uploads\/2022\/11\/Criterios-para-Ley-obligatoriedad.pdf\" type=\"application\/pdf\" style=\"width:100%;height:200px\" aria-label=\"Incrustado de Criterios para Ley obligatoriedad Salas de 3 a\u00f1os.\"><\/object><a id=\"wp-block-file--media-0c62ea02-c376-46bd-ab0f-2aabbc611389\" href=\"https:\/\/colectivoeducacioninicial.com\/wp-content\/uploads\/2022\/11\/Criterios-para-Ley-obligatoriedad.pdf\">Criterios para Ley obligatoriedad Salas de 3 a\u00f1os<\/a><a href=\"https:\/\/colectivoeducacioninicial.com\/wp-content\/uploads\/2022\/11\/Criterios-para-Ley-obligatoriedad.pdf\" class=\"wp-block-file__button wp-element-button\" download aria-describedby=\"wp-block-file--media-0c62ea02-c376-46bd-ab0f-2aabbc611389\">Descarga<\/a><\/div>\n\n\n\n<div data-wp-interactive=\"core\/file\" class=\"wp-block-file\"><object data-wp-bind--hidden=\"!state.hasPdfPreview\" hidden class=\"wp-block-file__embed\" data=\"https:\/\/colectivoeducacioninicial.com\/wp-content\/uploads\/2022\/11\/Documento-sobre-Obligatoriedad-de-Sala-de-tres-anos.pdf\" type=\"application\/pdf\" style=\"width:100%;height:200px\" aria-label=\"Incrustado de Reflexiones sobre la obligatoriedad de Sala de 3 a\u00f1os - 2016.\"><\/object><a id=\"wp-block-file--media-3eb8f30c-f653-455d-90df-367871f6f499\" href=\"https:\/\/colectivoeducacioninicial.com\/wp-content\/uploads\/2022\/11\/Documento-sobre-Obligatoriedad-de-Sala-de-tres-anos.pdf\">Reflexiones sobre la obligatoriedad de Sala de 3 a\u00f1os &#8211; 2016<\/a><a href=\"https:\/\/colectivoeducacioninicial.com\/wp-content\/uploads\/2022\/11\/Documento-sobre-Obligatoriedad-de-Sala-de-tres-anos.pdf\" class=\"wp-block-file__button wp-element-button\" download aria-describedby=\"wp-block-file--media-3eb8f30c-f653-455d-90df-367871f6f499\">Descarga<\/a><\/div>\n\n\n\n<div data-wp-interactive=\"core\/file\" class=\"wp-block-file\"><object data-wp-bind--hidden=\"!state.hasPdfPreview\" hidden class=\"wp-block-file__embed\" data=\"https:\/\/colectivoeducacioninicial.com\/wp-content\/uploads\/2022\/11\/Diseno-curricular-2009-1.pdf\" type=\"application\/pdf\" style=\"width:100%;height:200px\" aria-label=\"Incrustado de Dise\u00f1o curricular para Salas de 3 a\u00f1os - 2009.\"><\/object><a id=\"wp-block-file--media-c1f3f800-c492-4ca6-89f3-3b81dd76c929\" href=\"https:\/\/colectivoeducacioninicial.com\/wp-content\/uploads\/2022\/11\/Diseno-curricular-2009-1.pdf\">Dise\u00f1o curricular para Salas de 3 a\u00f1os &#8211; 2009<\/a><a href=\"https:\/\/colectivoeducacioninicial.com\/wp-content\/uploads\/2022\/11\/Diseno-curricular-2009-1.pdf\" class=\"wp-block-file__button wp-element-button\" download aria-describedby=\"wp-block-file--media-c1f3f800-c492-4ca6-89f3-3b81dd76c929\">Descarga<\/a><\/div>\n\n\n\n<h2 class=\"wp-block-heading\">EXTENSI\u00d3N DE JORNADA EN NI<\/h2>\n\n\n\n<div data-wp-interactive=\"core\/file\" class=\"wp-block-file\"><object data-wp-bind--hidden=\"!state.hasPdfPreview\" hidden class=\"wp-block-file__embed\" data=\"https:\/\/colectivoeducacioninicial.com\/wp-content\/uploads\/2022\/11\/Sobre-extension-de-jornada-en-NI-2018-Para-enviar-Jardines3632-1.pdf\" type=\"application\/pdf\" style=\"width:100%;height:200px\" aria-label=\"Incrustado de Sobre la extensi\u00f3n de jornada en NI - 2018.\"><\/object><a id=\"wp-block-file--media-eca8ff87-beb5-486d-9efe-ca11e156119a\" href=\"https:\/\/colectivoeducacioninicial.com\/wp-content\/uploads\/2022\/11\/Sobre-extension-de-jornada-en-NI-2018-Para-enviar-Jardines3632-1.pdf\">Sobre la extensi\u00f3n de jornada en NI &#8211; 2018<\/a><a href=\"https:\/\/colectivoeducacioninicial.com\/wp-content\/uploads\/2022\/11\/Sobre-extension-de-jornada-en-NI-2018-Para-enviar-Jardines3632-1.pdf\" class=\"wp-block-file__button wp-element-button\" download aria-describedby=\"wp-block-file--media-eca8ff87-beb5-486d-9efe-ca11e156119a\">Descarga<\/a><\/div>\n\n\n\n<div data-wp-interactive=\"core\/file\" class=\"wp-block-file\"><object data-wp-bind--hidden=\"!state.hasPdfPreview\" hidden class=\"wp-block-file__embed\" data=\"https:\/\/colectivoeducacioninicial.com\/wp-content\/uploads\/2022\/11\/Primer-Analisis-critico-a-la-extension-de-jornada-NI.pdf\" type=\"application\/pdf\" style=\"width:100%;height:200px\" aria-label=\"Incrustado de Extensi\u00f3n de jornada en NI en contexto de pandemia - 2021.\"><\/object><a id=\"wp-block-file--media-424f4ce4-a2b5-4052-b1f6-013f62252c65\" href=\"https:\/\/colectivoeducacioninicial.com\/wp-content\/uploads\/2022\/11\/Primer-Analisis-critico-a-la-extension-de-jornada-NI.pdf\">Extensi\u00f3n de jornada en NI en contexto de pandemia &#8211; 2021<\/a><a href=\"https:\/\/colectivoeducacioninicial.com\/wp-content\/uploads\/2022\/11\/Primer-Analisis-critico-a-la-extension-de-jornada-NI.pdf\" class=\"wp-block-file__button wp-element-button\" download aria-describedby=\"wp-block-file--media-424f4ce4-a2b5-4052-b1f6-013f62252c65\">Descarga<\/a><\/div>\n\n\n\n<h2 class=\"wp-block-heading\">SALAS CUNA<\/h2>\n\n\n\n<div data-wp-interactive=\"core\/file\" class=\"wp-block-file\"><object data-wp-bind--hidden=\"!state.hasPdfPreview\" hidden class=\"wp-block-file__embed\" data=\"https:\/\/colectivoeducacioninicial.com\/wp-content\/uploads\/2022\/11\/De-Salas-cunas-y-Obligatoriedad-Presentacion.pdf\" type=\"application\/pdf\" style=\"width:100%;height:200px\" aria-label=\"Incrustado de &lt;a href=&quot;https:\/\/colectivoeducacioninicial.com\/wordpress\/wp-content\/uploads\/2022\/11\/De-Salas-cunas-y-Obligatoriedad-Presentacion.pdf&quot;&gt;Salas Cuna y Obligatoriedad de las salas de 3 a\u00f1os - 2016&lt;\/a&gt;.\"><\/object><a id=\"wp-block-file--media-9d676111-e01d-4234-af38-f3887972388c\" href=\"https:\/\/colectivoeducacioninicial.com\/wp-content\/uploads\/2022\/11\/De-Salas-cunas-y-Obligatoriedad-Presentacion.pdf\"><a href=\"https:\/\/colectivoeducacioninicial.com\/wordpress\/wp-content\/uploads\/2022\/11\/De-Salas-cunas-y-Obligatoriedad-Presentacion.pdf\">Salas Cuna y Obligatoriedad de las salas de 3 a\u00f1os &#8211; 2016<\/a><\/a><a href=\"https:\/\/colectivoeducacioninicial.com\/wp-content\/uploads\/2022\/11\/De-Salas-cunas-y-Obligatoriedad-Presentacion.pdf\" class=\"wp-block-file__button wp-element-button\" download aria-describedby=\"wp-block-file--media-9d676111-e01d-4234-af38-f3887972388c\">Descarga<\/a><\/div>\n\n\n\n<div data-wp-interactive=\"core\/file\" class=\"wp-block-file\"><object data-wp-bind--hidden=\"!state.hasPdfPreview\" hidden class=\"wp-block-file__embed\" data=\"https:\/\/colectivoeducacioninicial.com\/wp-content\/uploads\/2023\/04\/Derechos-en-tension-salas-cuna-2017.pdf\" type=\"application\/pdf\" style=\"width:100%;height:200px\" aria-label=\"Incrustado de Derechos en tensi\u00f3n Salas Cuna - 2017.\"><\/object><a id=\"wp-block-file--media-93634970-b622-45a2-a350-ffe7f7c6841e\" href=\"https:\/\/colectivoeducacioninicial.com\/wp-content\/uploads\/2023\/04\/Derechos-en-tension-salas-cuna-2017.pdf\">Derechos en tensi\u00f3n Salas Cuna &#8211; 2017<\/a><a href=\"https:\/\/colectivoeducacioninicial.com\/wp-content\/uploads\/2023\/04\/Derechos-en-tension-salas-cuna-2017.pdf\" class=\"wp-block-file__button wp-element-button\" download aria-describedby=\"wp-block-file--media-93634970-b622-45a2-a350-ffe7f7c6841e\">Descarga<\/a><\/div>\n\n\n\n<div data-wp-interactive=\"core\/file\" class=\"wp-block-file\"><object data-wp-bind--hidden=\"!state.hasPdfPreview\" hidden class=\"wp-block-file__embed\" data=\"https:\/\/colectivoeducacioninicial.com\/wp-content\/uploads\/2023\/04\/Analisis-Ley-Salas-Cuna-2018.pdf\" type=\"application\/pdf\" style=\"width:100%;height:200px\" aria-label=\"Incrustado de An\u00e1lisis Ley Salas Cuna - 2018.\"><\/object><a id=\"wp-block-file--media-c76a790c-8e3d-4198-bec9-97a20ef234a5\" href=\"https:\/\/colectivoeducacioninicial.com\/wp-content\/uploads\/2023\/04\/Analisis-Ley-Salas-Cuna-2018.pdf\">An\u00e1lisis Ley Salas Cuna &#8211; 2018<\/a><a href=\"https:\/\/colectivoeducacioninicial.com\/wp-content\/uploads\/2023\/04\/Analisis-Ley-Salas-Cuna-2018.pdf\" class=\"wp-block-file__button wp-element-button\" download aria-describedby=\"wp-block-file--media-c76a790c-8e3d-4198-bec9-97a20ef234a5\">Descarga<\/a><\/div>\n\n\n\n<h2 class=\"wp-block-heading\">LEY PROVINCIAL 8113<\/h2>\n\n\n\n<div data-wp-interactive=\"core\/file\" class=\"wp-block-file\"><object data-wp-bind--hidden=\"!state.hasPdfPreview\" hidden class=\"wp-block-file__embed\" data=\"https:\/\/colectivoeducacioninicial.com\/wp-content\/uploads\/2022\/11\/aportes-2010-1.pdf\" type=\"application\/pdf\" style=\"width:100%;height:200px\" aria-label=\"Incrustado de Aportes para el debate de la Ley Provincial de Educaci\u00f3n 8113 - 2010.\"><\/object><a id=\"wp-block-file--media-bbe13b73-ffe6-4147-95b5-b8b41cef3fb9\" href=\"https:\/\/colectivoeducacioninicial.com\/wp-content\/uploads\/2022\/11\/aportes-2010-1.pdf\">Aportes para el debate de la Ley Provincial de Educaci\u00f3n 8113 &#8211; 2010<\/a><a href=\"https:\/\/colectivoeducacioninicial.com\/wp-content\/uploads\/2022\/11\/aportes-2010-1.pdf\" class=\"wp-block-file__button wp-element-button\" download aria-describedby=\"wp-block-file--media-bbe13b73-ffe6-4147-95b5-b8b41cef3fb9\">Descarga<\/a><\/div>\n\n\n\n<div data-wp-interactive=\"core\/file\" class=\"wp-block-file\"><object data-wp-bind--hidden=\"!state.hasPdfPreview\" hidden class=\"wp-block-file__embed\" data=\"https:\/\/colectivoeducacioninicial.com\/wp-content\/uploads\/2022\/11\/Repudio-a-la-represion.pdf\" type=\"application\/pdf\" style=\"width:100%;height:200px\" aria-label=\"Incrustado de Repudio a la represi\u00f3n - 2010.\"><\/object><a id=\"wp-block-file--media-13428e96-78c5-4bfc-916e-5ffee77dc5ff\" href=\"https:\/\/colectivoeducacioninicial.com\/wp-content\/uploads\/2022\/11\/Repudio-a-la-represion.pdf\">Repudio a la represi\u00f3n &#8211; 2010<\/a><a href=\"https:\/\/colectivoeducacioninicial.com\/wp-content\/uploads\/2022\/11\/Repudio-a-la-represion.pdf\" class=\"wp-block-file__button wp-element-button\" download aria-describedby=\"wp-block-file--media-13428e96-78c5-4bfc-916e-5ffee77dc5ff\">Descarga<\/a><\/div>\n\n\n\n<h2 class=\"wp-block-heading\">C\u00c1MARAS EN JARDINES PROVINCIALES<\/h2>\n\n\n\n<div data-wp-interactive=\"core\/file\" class=\"wp-block-file\"><object data-wp-bind--hidden=\"!state.hasPdfPreview\" hidden class=\"wp-block-file__embed\" data=\"https:\/\/colectivoeducacioninicial.com\/wp-content\/uploads\/2022\/11\/CEI-Camaras-en-jardines-maternales.pdf\" type=\"application\/pdf\" style=\"width:100%;height:200px\" aria-label=\"Incrustado de C\u00e1maras en jardines maternales - 2013.\"><\/object><a id=\"wp-block-file--media-d4fd10cf-c2da-4378-9b86-ad3c82e15c61\" href=\"https:\/\/colectivoeducacioninicial.com\/wp-content\/uploads\/2022\/11\/CEI-Camaras-en-jardines-maternales.pdf\">C\u00e1maras en jardines maternales &#8211; 2013<\/a><a href=\"https:\/\/colectivoeducacioninicial.com\/wp-content\/uploads\/2022\/11\/CEI-Camaras-en-jardines-maternales.pdf\" class=\"wp-block-file__button wp-element-button\" download aria-describedby=\"wp-block-file--media-d4fd10cf-c2da-4378-9b86-ad3c82e15c61\">Descarga<\/a><\/div>\n\n\n\n<h2 class=\"wp-block-heading\">INFORME DE PROGRESO ESCOLAR PARA NI<\/h2>\n\n\n\n<div data-wp-interactive=\"core\/file\" class=\"wp-block-file\"><object data-wp-bind--hidden=\"!state.hasPdfPreview\" hidden class=\"wp-block-file__embed\" data=\"https:\/\/colectivoeducacioninicial.com\/wp-content\/uploads\/2022\/11\/Evaluacion-2012-Colectivo-NI.pdf\" type=\"application\/pdf\" style=\"width:100%;height:200px\" aria-label=\"Incrustado de Evaluaci\u00f3n del Informe de Progreso Escolar - 2012.\"><\/object><a id=\"wp-block-file--media-1b7b30e2-39f8-4243-b0ed-e62fd2533dcf\" href=\"https:\/\/colectivoeducacioninicial.com\/wp-content\/uploads\/2022\/11\/Evaluacion-2012-Colectivo-NI.pdf\">Evaluaci\u00f3n del Informe de Progreso Escolar &#8211; 2012<\/a><a href=\"https:\/\/colectivoeducacioninicial.com\/wp-content\/uploads\/2022\/11\/Evaluacion-2012-Colectivo-NI.pdf\" class=\"wp-block-file__button wp-element-button\" download aria-describedby=\"wp-block-file--media-1b7b30e2-39f8-4243-b0ed-e62fd2533dcf\">Descarga<\/a><\/div>\n\n\n\n<h2 class=\"wp-block-heading\">POL\u00cdTICAS P\u00daBLICAS<\/h2>\n\n\n\n<div data-wp-interactive=\"core\/file\" class=\"wp-block-file\"><object data-wp-bind--hidden=\"!state.hasPdfPreview\" hidden class=\"wp-block-file__embed\" data=\"https:\/\/colectivoeducacioninicial.com\/wp-content\/uploads\/2022\/11\/Compartimos-algunas-reflexiones-respecto-de-las-politicas-publicas-para-la-educacion-inicial-de-nuestra-provincia-1.pdf\" type=\"application\/pdf\" style=\"width:100%;height:200px\" aria-label=\"Incrustado de Reflexiones respecto de las pol\u00cdticas p\u00fablicas para la EI - 2015..\"><\/object><a id=\"wp-block-file--media-1a2d7c0e-e491-4a2b-8b9d-204213ef37fe\" href=\"https:\/\/colectivoeducacioninicial.com\/wp-content\/uploads\/2022\/11\/Compartimos-algunas-reflexiones-respecto-de-las-politicas-publicas-para-la-educacion-inicial-de-nuestra-provincia-1.pdf\">Reflexiones respecto de las pol\u00cdticas p\u00fablicas para la EI &#8211; 2015.<\/a><a href=\"https:\/\/colectivoeducacioninicial.com\/wp-content\/uploads\/2022\/11\/Compartimos-algunas-reflexiones-respecto-de-las-politicas-publicas-para-la-educacion-inicial-de-nuestra-provincia-1.pdf\" class=\"wp-block-file__button wp-element-button\" download aria-describedby=\"wp-block-file--media-1a2d7c0e-e491-4a2b-8b9d-204213ef37fe\">Descarga<\/a><\/div>\n\n\n\n<div data-wp-interactive=\"core\/file\" class=\"wp-block-file\"><object data-wp-bind--hidden=\"!state.hasPdfPreview\" hidden class=\"wp-block-file__embed\" data=\"https:\/\/colectivoeducacioninicial.com\/wp-content\/uploads\/2023\/04\/Estructura-y-organizacion-del-Nivel-Inicial-2016.pdf\" type=\"application\/pdf\" style=\"width:100%;height:200px\" aria-label=\"Incrustado de Estructura y organizaci\u00f3n del NI - 2016.\"><\/object><a id=\"wp-block-file--media-6ce6a9c5-891b-4b0b-8966-727f682ebce3\" href=\"https:\/\/colectivoeducacioninicial.com\/wp-content\/uploads\/2023\/04\/Estructura-y-organizacion-del-Nivel-Inicial-2016.pdf\">Estructura y organizaci\u00f3n del NI &#8211; 2016<\/a><a href=\"https:\/\/colectivoeducacioninicial.com\/wp-content\/uploads\/2023\/04\/Estructura-y-organizacion-del-Nivel-Inicial-2016.pdf\" class=\"wp-block-file__button wp-element-button\" download aria-describedby=\"wp-block-file--media-6ce6a9c5-891b-4b0b-8966-727f682ebce3\">Descarga<\/a><\/div>\n\n\n\n<div data-wp-interactive=\"core\/file\" class=\"wp-block-file\"><object data-wp-bind--hidden=\"!state.hasPdfPreview\" hidden class=\"wp-block-file__embed\" data=\"https:\/\/colectivoeducacioninicial.com\/wp-content\/uploads\/2023\/04\/El-desembarco-de-enfoques-pedagogicos-2017.pdf\" type=\"application\/pdf\" style=\"width:100%;height:200px\" aria-label=\"Incrustado de El desembarco de enfoques pedag\u00f3gicos - 2017.\"><\/object><a id=\"wp-block-file--media-8e3d2256-3a94-4bfd-8ec6-ceb80af46024\" href=\"https:\/\/colectivoeducacioninicial.com\/wp-content\/uploads\/2023\/04\/El-desembarco-de-enfoques-pedagogicos-2017.pdf\">El desembarco de enfoques pedag\u00f3gicos &#8211; 2017<\/a><a href=\"https:\/\/colectivoeducacioninicial.com\/wp-content\/uploads\/2023\/04\/El-desembarco-de-enfoques-pedagogicos-2017.pdf\" class=\"wp-block-file__button wp-element-button\" download aria-describedby=\"wp-block-file--media-8e3d2256-3a94-4bfd-8ec6-ceb80af46024\">Descarga<\/a><\/div>\n\n\n\n<div data-wp-interactive=\"core\/file\" class=\"wp-block-file\"><object data-wp-bind--hidden=\"!state.hasPdfPreview\" hidden class=\"wp-block-file__embed\" data=\"https:\/\/colectivoeducacioninicial.com\/wp-content\/uploads\/2023\/04\/Posicionamiento-Santiago-Maldonado-2017.pdf\" type=\"application\/pdf\" style=\"width:100%;height:200px\" aria-label=\"Incrustado de Posicionamiento Santiago Maldonado - 2017.\"><\/object><a id=\"wp-block-file--media-442f3ffb-fe14-4ff5-b568-7a2f3dd1b43e\" href=\"https:\/\/colectivoeducacioninicial.com\/wp-content\/uploads\/2023\/04\/Posicionamiento-Santiago-Maldonado-2017.pdf\">Posicionamiento Santiago Maldonado &#8211; 2017<\/a><a href=\"https:\/\/colectivoeducacioninicial.com\/wp-content\/uploads\/2023\/04\/Posicionamiento-Santiago-Maldonado-2017.pdf\" class=\"wp-block-file__button wp-element-button\" download aria-describedby=\"wp-block-file--media-442f3ffb-fe14-4ff5-b568-7a2f3dd1b43e\">Descarga<\/a><\/div>\n\n\n\n<h2 class=\"wp-block-heading\">SISTEMATIZACI\u00d3N EDUCACI\u00d3N MATERNAL<\/h2>\n\n\n\n<div data-wp-interactive=\"core\/file\" class=\"wp-block-file\"><object data-wp-bind--hidden=\"!state.hasPdfPreview\" hidden class=\"wp-block-file__embed\" data=\"https:\/\/colectivoeducacioninicial.com\/wp-content\/uploads\/2023\/04\/Sistematizacion-Educacion-Maternal-2017.pdf\" type=\"application\/pdf\" style=\"width:100%;height:280px\" aria-label=\"Incrustado de Ed. de la primera infancia en clave de derechos - 2017.\"><\/object><a id=\"wp-block-file--media-f26b9e56-1305-4051-9730-18587ce4e93c\" href=\"https:\/\/colectivoeducacioninicial.com\/wp-content\/uploads\/2023\/04\/Sistematizacion-Educacion-Maternal-2017.pdf\">Ed. de la primera infancia en clave de derechos &#8211; 2017<\/a><a href=\"https:\/\/colectivoeducacioninicial.com\/wp-content\/uploads\/2023\/04\/Sistematizacion-Educacion-Maternal-2017.pdf\" class=\"wp-block-file__button wp-element-button\" download aria-describedby=\"wp-block-file--media-f26b9e56-1305-4051-9730-18587ce4e93c\">Descarga<\/a><\/div>\n","protected":false},"excerpt":{"rendered":"<p>POSICIONAMIENTO DEL CEIC FRENTE A LOS NUEVOS PROGRAMAS DEL MINISTERIO DE EDUCACI\u00d3N 2026 LA REBELI\u00d3N DE LOS PINTORCITOS LEY DE OBLIGATORIEDAD DE SALAS DE 3 A\u00d1OS EXTENSI\u00d3N DE JORNADA EN [&hellip;]<\/p>\n","protected":false},"author":2,"featured_media":0,"parent":0,"menu_order":0,"comment_status":"closed","ping_status":"closed","template":"","meta":{"_EventAllDay":false,"_EventTimezone":"","_EventStartDate":"","_EventEndDate":"","_EventStartDateUTC":"","_EventEndDateUTC":"","_EventShowMap":false,"_EventShowMapLink":false,"_EventURL":"","_EventCost":"","_EventCostDescription":"","_EventCurrencySymbol":"","_EventCurrencyCode":"","_EventCurrencyPosition":"","_EventDateTimeSeparator":"","_EventTimeRangeSeparator":"","_EventOrganizerID":[],"_EventVenueID":[],"_OrganizerEmail":"","_OrganizerPhone":"","_OrganizerWebsite":"","_VenueAddress":"","_VenueCity":"","_VenueCountry":"","_VenueProvince":"","_VenueState":"","_VenueZip":"","_VenuePhone":"","_VenueURL":"","_VenueStateProvince":"","_VenueLat":"","_VenueLng":"","_VenueShowMap":false,"_VenueShowMapLink":false,"footnotes":""},"class_list":["post-115","page","type-page","status-publish","hentry"],"_links":{"self":[{"href":"https:\/\/colectivoeducacioninicial.com\/index.php\/wp-json\/wp\/v2\/pages\/115","targetHints":{"allow":["GET"]}}],"collection":[{"href":"https:\/\/colectivoeducacioninicial.com\/index.php\/wp-json\/wp\/v2\/pages"}],"about":[{"href":"https:\/\/colectivoeducacioninicial.com\/index.php\/wp-json\/wp\/v2\/types\/page"}],"author":[{"embeddable":true,"href":"https:\/\/colectivoeducacioninicial.com\/index.php\/wp-json\/wp\/v2\/users\/2"}],"replies":[{"embeddable":true,"href":"https:\/\/colectivoeducacioninicial.com\/index.php\/wp-json\/wp\/v2\/comments?post=115"}],"version-history":[{"count":22,"href":"https:\/\/colectivoeducacioninicial.com\/index.php\/wp-json\/wp\/v2\/pages\/115\/revisions"}],"predecessor-version":[{"id":571,"href":"https:\/\/colectivoeducacioninicial.com\/index.php\/wp-json\/wp\/v2\/pages\/115\/revisions\/571"}],"wp:attachment":[{"href":"https:\/\/colectivoeducacioninicial.com\/index.php\/wp-json\/wp\/v2\/media?parent=115"}],"curies":[{"name":"wp","href":"https:\/\/api.w.org\/{rel}","templated":true}]}}